digit of z?
0
Suppose 0 = -2*m + 68 + 16. Suppose -2*y - y = 5*x - 34, m = 3*y + 3*x. What is the units digit of ((-132)/(-18))/(2/y)?
6
Suppose 80 = -t + 5*t. Suppose 5*l = t, -3*f = 2*f - 2*l - 432. What is the tens digit of f?
8
Suppose 2*i = 10, w = -4*i + 22 + 12. Let r = -13 + w. Let f = r + 17. What is the units digit of f?
8
Let d(s) = -3*s + 1. Let z be d(-2). Let o = z - -26. What is the units digit of o*1*(-11)/(-33)?
1
Suppose -s = -4 + 2. Suppose 2*r = -s*r + 112. What is the units digit of r?
8
Suppose 10 = -7*a + 12*a. Suppose 3*g = -5*q + 338 - a, -2*q = -2*g - 144. What is the units digit of q?
9
Let p(x) = 6*x**2. Let a be p(-1). Suppose 0 = -a*i + 11*i - 520. Let b = -57 + i. What is the tens digit of b?
4
Let b = -1464 + 3294. What is the tens digit of b?
3
Let z be (15/4)/(36/96). Let d = z - 6. Suppose -5*p + f = 5*f - 50, -d*p + 51 = f. What is the units digit of p?
4
Suppose 44548 = 18*d + 2068. What is the tens digit of d?
6
What is the tens digit of (-2992)/1870*(0 - 10910/4)?
6
Suppose 72 = 18*x - 144. What is the units digit of 91/3 + (44/x)/(-11)?
0
Let y(c) = 2*c**3 + 118*c**2 + 183*c + 87. What is the units digit of y(-57)?
2
Suppose -2*o = -7*o. Suppose o = -k - 3*k + 360. Suppose -4*m = 6 - k. What is the tens digit of m?
2
Let l(x) = -8*x - 15. Let p be 1/2*(-102)/(-3). Let i(u) = 23*u + 44. Let o(c) = p*l(c) + 6*i(c). What is the units digit of o(4)?
7
Let m(o) be the second derivative of o**5/20 + 7*o**4/4 - o**3/6 - 13*o**2/2 + 30*o. What is the units digit of m(-21)?
8
Let z = 66 - 63. Suppose z*b - 110 = f, 3*f = -4*b + 2*f + 149. What is the units digit of b?
7
Suppose t = -21 + 25. Suppose -5 = -5*y, t*p = -2*y + 99 + 327. What is the tens digit of p?
0
Let u = 25 - 58. Let o = 85 + u. What is the tens digit of o?
5
Let r(v) = 4*v**3 + 19*v**2 - 5*v + 2. Let a(g) = -21*g**3 - 96*g**2 + 26*g - 11. Let b(z) = 2*a(z) + 11*r(z). What is the units digit of b(-8)?
8
Let n(q) = -3*q**3 + 14*q**2 + 24*q + 50. What is the hundreds digit of n(-6)?
0
What is the tens digit of ((-648)/4)/((10/11)/(-5))?
9
Let d be (-3)/12 + 39/12. Suppose d = -n, 4*l + 4*n = -n - 491. Let t = l + 176. What is the units digit of t?
7
Let k be (-2)/(-3) - (-2)/6. What is the units digit of ((-40)/(-16))/(k/4)?
0
Let g = -17 + 27. What is the tens digit of g?
1
Suppose 6*r = 11*r - 75. Suppose 0 = -3*c + r, -125 = -4*m - 3*c + 182. What is the units digit of m?
3
Suppose -7*m + 6*m = 2*r - 2280, 0 = -2*m + 4*r + 4576. What is the hundreds digit of m?
2
Suppose 77*c - 122765 = 137033. What is the tens digit of c?
7
Let h(g) = -g**3 - 13*g**2 - 21*g + 4. What is the units digit of h(-14)?
4
Suppose -v - 6*o + 91 = -2*o, v - 3*o = 91. Suppose 20 - v = -s. What is the tens digit of s?
7
Let u be (-113)/(-5) + (-12)/(-30). Let t = u + -14. What is the units digit of t?
9
Suppose 0 = 5*u + 10 + 35. What is the tens digit of (u/(-3))/(15/145)?
2
Let l be (-20)/8 + (-20)/(-8). Suppose -2*v - 3*v + 310 = l. What is the tens digit of v?
6
Suppose -1476 = 8*d - 11*d. What is the hundreds digit of d?
4
Suppose 0 = 2*d - 3*n - 1960, -3*d - 10*n + 2940 = -6*n. What is the units digit of d?
0
What is the units digit of 8/(-12)*4935/(-14)?
5
Suppose 11*k = 22*k - 7150. What is the tens digit of k?
5
Let o(s) = -s**3 - 3*s**2 - 2*s - 1. Let u be o(-3). Suppose 0*x - u*x = -55. Suppose 0 = i - 11 - x. What is the tens digit of i?
2
Let c(d) = 5*d**3 + 3*d**2 + 3*d + 3. Let t be c(3). Suppose x - t = -16. What is the tens digit of x?
5
Suppose 11*o = 4*h + 13*o - 1032, 1032 = 4*h - 4*o. What is the hundreds digit of h?
2
What is the units digit of (-1 + 2)/(52/20852)?
1
Let s(h) = -h**2 + 8*h - 13. Let f be s(5). Suppose -f*l + 167 = 4*v - 3*v, -3*v = -5*l + 390. What is the tens digit of l?
8
Let k = 861 - 495. What is the units digit of k?
6
Suppose 83 = -4*t - 3*m, 3*m - 55 = -3*t + 5*t. Let s(a) = a**3 - 6*a**2 - 7*a + 8. Let r be s(7). What is the units digit of (-6)/r - t/4?
5
Suppose -5*q + 3*g + g = 6, -3*q - 10 = 4*g. Let u = q - -2. Suppose m - 24 + 2 = u. What is the units digit of m?
2
Suppose -69*c = -158*c + 148897. What is the units digit of c?
3
Let h(t) = 5 + 2*t - 15*t - 6 - 55. What is the tens digit of h(-11)?
8
Let d(f) = -191*f + 1. What is the units digit of d(-1)?
2
Let r(a) = 9*a**2 + 26*a + 157. What is the hundreds digit of r(-13)?
3
Suppose 0 = 4*c - 44. Let h(f) = f**3 - 11*f**2 + 8*f - 15. What is the tens digit of h(c)?
7
Let o(g) = g - 2. Let w be o(4). Suppose -6*a + a + w*v + 24 = 0, -4*v = 2*a. Suppose 14 = 5*u - a*i, -5*u - 7*i + 3*i = -46. What is the units digit of u?
6
Let j = 3457 - 1553. What is the units digit of j?
4
Let b = 66 + 60. Let o = b + -74. Suppose -4*p + 0*p = -2*q - o, -5*p + 54 = 3*q. What is the tens digit of p?
1
Let z = -4755 - -8361. What is the hundreds digit of z?
6
Let z be 3*(2 + 15/(-9)) - -2. What is the hundreds digit of 122/4*(z - (-5)/5)?
1
Let o(d) be the first derivative of d**3/3 + 3*d**2/2 + 12*d + 6. Let i be o(-8). Let r = i - 26. What is the tens digit of r?
2
Suppose -4*l - 2*w + 8286 = 0, 0 = -2*l - 2*w + 3*w + 4133. What is the hundreds digit of l?
0
Let b(r) = -8*r - 13. Let k = 27 + -32. What is the tens digit of b(k)?
2
Let n(z) = -z**2 + 13*z + 559. What is the tens digit of n(0)?
5
Let u be (-132)/10*(-80)/12. Suppose -u*o = -83*o - 560. What is the units digit of o?
2
Suppose -6*t - 292 = -8*t. Let l = t + -74. What is the units digit of l?
2
Let i(v) be the second derivative of v**4/6 - v**3/6 - 2*v**2 + 6*v. What is the tens digit of i(-4)?
3
Let o be (1 - -53) + -6 + 8. Suppose 0*m + m - o = 0. Suppose -18 + m = 2*b. What is the tens digit of b?
1
Let v(l) = 63*l**3 - 6*l**2 + 19*l. What is the thousands digit of v(3)?
1
Let g be (56/14)/(2/24). Suppose 16*u = 528 - g. What is the units digit of u?
0
Let b(v) = 10*v + 15. Let z be b(-8). Let a be (104/(-10))/(26/z). Suppose 4*r = 2*r - 3*y + a, 52 = 4*r - 4*y. What is the units digit of r?
3
Suppose z + 2 = 16. What is the units digit of 640/14 - z/(-49)?
6
Suppose -a + 2*z - 46 = 0, 0 = 2*a + z + 103 - 36. Let j = a - -208. What is the hundreds digit of j?
1
Suppose -43 = 4*m + i, -4*i + 2*i - 46 = 4*m. Let d(z) = -6 - 6*z**3 + 0 - 10*z**2 - 3*z + 5*z**3 + 3. What is the tens digit of d(m)?
2
Let x(u) = 3*u - 1 + 8*u + 2. Suppose -3*r - 15 = j - 7*r, 5*r = 25. What is the tens digit of x(j)?
5
Let d(b) = 4*b**2 - 3 + 6*b + 5 + 2. What is the units digit of d(-6)?
2
Let t = 1640 + -377. What is the tens digit of t?
6
Let k = -124 + 540. What is the units digit of k?
6
Let d(r) = r**3 - 8*r**2 - 16*r - 3. Let x be d(14). Suppose x = 5*q + 104. What is the tens digit of q?
6
Let k(c) = -106*c**3 + 8*c**2 + c - 33. What is the units digit of k(-3)?
8
Let b(j) be the third derivative of j**6/120 - 2*j**5/15 - 7*j**4/24 - 7*j**3/6 - 10*j**2. What is the units digit of b(9)?
1
Let n = 449 + 1198. What is the units digit of n?
7
Suppose -5*k - 3*h + h = -22, -4*k - 5*h + 21 = 0. Suppose -2*w + k*z + 6 + 2 = 0, -36 = -3*w - 2*z. What is the units digit of w?
0
Let x(u) = 141*u - 522. What is the tens digit of x(35)?
1
Let c(f) = 87*f - 128. What is the units digit of c(10)?
2
Let r = -211 - -295. What is the tens digit of r?
8
Suppose -5*n + 58 + 418 = 2*i, 476 = 2*i - 2*n. What is the tens digit of i?
3
Suppose -4*k + 159 = -17. Suppose -c + k = 3. What is the tens digit of c?
4
Let b = 44 + -67. Let n = 28 + b. What is the units digit of (3/(-9))/(n/(-45))?
3
Suppose 31*u = -7*u + 3382. What is the units digit of u?
9
Let r = -188 + 698. What is the units digit of r?
0
Let a(m) = -m**3 - 5*m**2 - 5*m. Let w be 22/(-143) - 4/(-26). Let n be 0/(-6) - (4 - w). What is the units digit of a(n)?
4
Let h = -171 - -156. Let d(j) = -3*j**2 + 13*j - 20 + 3*j**2 + j**2. What is the tens digit of d(h)?
1
Let j = -3 - -5. Suppose -j*w - 365 = -5*i + 2*w, w = 0. Suppose 4*g - t - i = 2*t, -2*t = 3*g - 76. What is the units digit of g?
2
Let z = 1109 - 618. Let c = z - 343. What is the units digit of c?
8
Suppose -z = -0*z + 2. Let n be (-4)/(-12) + (-21)/9. What is the units digit of (n - -4)/(z/(-14))?
4
Suppose 140 = 87*j - 83*j. Let f = 4 + j. What is the tens digit of f?
3
Let l(j) = j**3 - j**2 - j - 1. Let a(n) = 2*n**3 - 5*n